ose -n = -y*w + 2. Calculate the highest common divisor of 1 and w.
1
Suppose -55 = -4*b - b. Suppose -2*s = s + 3*m - 243, 4*s = 4*m + 292. What is the highest common factor of s and b?
11
Suppose -2*b = -8*b + 18. What is the highest common divisor of b and 1?
1
Suppose 2*j + 2*j + 18 = h, 0 = 4*h - 4*j - 36. Calculate the greatest common divisor of 6 and h.
6
Suppose 0 = 3*m + m - 96. Let r be (18/(-30))/((-1)/5). Let n be r - 0 - (-8 + -1). What is the greatest common factor of m and n?
12
Suppose 0 = 2*i - i + 4. Let o(g) = -g**3 - 2*g**2 + 5*g - 3. Let w be o(i). What is the highest common factor of 9 and w?
9
Let o = -31 - -131. Calculate the highest common factor of o and 40.
20
Suppose -72 = -2*g - 4*g. Let t be (1 - 3 - 2)/(-2). Let b(s) = s + 2. Let l be b(t). Calculate the greatest common factor of l and g.
4
Let l(p) = -p**3 + 15*p**2 + 19*p - 24. Let q be l(16). Calculate the highest common factor of q and 60.
12
Suppose -2*f = -w - 0*f + 65, 3*f + 3 = 0. Calculate the highest common factor of 9 and w.
9
Let a be (48/40)/((-2)/(-5)). Suppose -3*k + a*i = -21, 2*k - 8 = -0*k + 5*i. What is the highest common divisor of k and 9?
9
Suppose -189 = -4*m + 67. What is the highest common factor of m and 16?
16
Suppose 3*j + 4*k - 12 = 0, -3*j + 0*j + 12 = 5*k. Let w(s) = 5*s**2 + 2*s + 3. Let d be w(j). What is the greatest common divisor of 13 and d?
13
Suppose 5*g + 237 = 787. Let f be 156/7 - 6/21. What is the highest common divisor of f and g?
22
Suppose 3 = a - 13. What is the greatest common divisor of a and 8?
8
Let t(r) = r**3 + 8*r**2 + 8*r + 7. Let f be t(-7). Suppose f*n = 5*n - 140. Let w = -10 + n. What is the greatest common divisor of w and 6?
6
Suppose 3*a - f - 8 = 0, 2*f = 5*f - 12. Calculate the highest common factor of a and 28.
4
Let x be ((-246)/18)/(2/(-6)). Suppose 2*i - 116 = -4*w, 2*w - x = -3*i + 117. Calculate the greatest common factor of i and 20.
10
Let l = 84 + -59. Let k(z) = z - 4. Let j be k(9). What is the highest common factor of j and l?
5
Let b = -51 - -85. What is the greatest common divisor of b and 85?
17
Suppose -5*i + 125 = -0*i. What is the greatest common divisor of i and 20?
5
Let b be 171/12 + (-6)/(-8). Let c = -4 + 2. Let q be 68*2 - c/(-2). What is the highest common factor of q and b?
15
Let q(a) = 10*a**2 + 4*a. Suppose 0*h + 5*h - 25 = 0. Let r(z) = z**2 - 7*z + 6. Let p be r(h). Let j be q(p). Calculate the highest common factor of j and 18.
18
Suppose -2*u + u + 9 = g, -5*g = -4*u - 90. Let i = 5 + g. Let t = i - 7. What is the greatest common factor of t and 36?
12
Suppose 0 = -5*b - 0*b + 240. Calculate the greatest common factor of b and 12.
12
Let x(y) = -54*y + 2. Let h be x(-2). Suppose 2*q = -19 + 69. Let k = 35 - q. Calculate the greatest common factor of k and h.
10
Suppose s - 3*s + 10 = 0. Let l be 476/12 + s/15. What is the highest common factor of l and 5?
5
Let b be (-2)/(-4)*(1 + 7). Suppose 0 - 12 = -4*c. Suppose -3*f + 48 = 4*i + f, -20 = -i - c*f. What is the highest common divisor of b and i?
4
Let b = -17 - -19. Suppose 0 = -5*s - g + 325, -5*s + 385 = b*g + 65. What is the highest common factor of 11 and s?
11
Let d = -17 + 41. Suppose -5*o + 29 = 3*m, 19 = m - 0*m + 4*o. Suppose m*a = 0, -7*a = -5*l - 3*a + 80. Calculate the highest common factor of d and l.
8
Let o = 3 + 9. Suppose -o = -g + 10. Calculate the greatest common factor of g and 33.
11
Let l(s) = -2 - s**2 + 2*s - 3 + s**3 + 4 - 2. Let o be l(2). Suppose 0 = -o*j + 61 - 11. What is the highest common divisor of j and 10?
10
Let m(x) = 14*x**2 + 19*x + 7. Let i be m(-4). Calculate the highest common divisor of i and 31.
31
Suppose -3*p = v + 21, -4*p - v = -3*v + 18. Let f = p + 8. Let h be (6/f)/((-1)/(-42)). Calculate the greatest common divisor of h and 21.
21
Suppose -4 = -0*h + 4*h. Let q(p) = 12*p**2 - 1. Let w be q(h). What is the highest common divisor of w and 44?
11
Let r(j) = 4*j**2 - 2*j + 2. Let g(a) = 5*a**2 - a + 1. Let z(x) = -3*g(x) + 4*r(x). Let b be z(4). Calculate the highest common divisor of b and 1.
1
Let l = -64 - -109. Calculate the highest common divisor of 15 and l.
15
Suppose 0 = 5*k + 25, -4*k + 11 = -2*s - 5*k. Let t be (-117 + -14)*(-1 - -3). Let f be t/(-4) - s/6. What is the greatest common factor of 6 and f?
6
Let r = -3 - -5. Suppose -p + 6 = -r*p. Let o = p - -12. Calculate the greatest common divisor of o and 54.
6
Suppose 4*y - 14 = -82. Let o be (-1)/((15/6)/5). Let f be (-4)/(o - -4) - y. Calculate the greatest common factor of f and 3.
3
Let o be (-2)/(-10) + (-1344)/(-30). What is the highest common divisor of o and 5?
5
Suppose 4*y = 5*v - 41, 0*v + 4*y = v - 21. Calculate the highest common factor of 5 and v.
5
Let o = 6 + -2. Suppose -4*n = -2*g + o, 6*g + 4*n + 46 = g. Let f be (2 + -5)*16/g. What is the highest common factor of f and 88?
8
Let u = -9 + 16. Calculate the greatest common divisor of u and 14.
7
Suppose 113 = 5*p - 117. What is the highest common factor of 69 and p?
23
Suppose 5*s - 2*s - 6 = 0. What is the highest common factor of 8 and s?
2
Let r = 24 - 24. Suppose r = 4*g - 0*g - 64. What is the greatest common factor of g and 16?
16
Let z = 2 + 0. Suppose -z*p - m = -4*m - 28, 36 = 5*p + m. Let t(a) = -9*a + 2. Let h be t(-2). Calculate the highest common factor of p and h.
4
Let y(s) = -s**3 + s - 2. Let u be y(-2). Let m = -306 - -307. Calculate the highest common factor of m and u.
1
Let u(v) = v**2 + 7*v + 6. Let y be u(-7). Let o = 191 - 123. Suppose 4*i - 28 = -d, 2*d - 6*d + o = 5*i. What is the greatest common factor of d and y?
6
Let o = 77 - 65. Calculate the highest common divisor of o and 36.
12
Let t(f) = f**3 + 21*f**2 - 25*f - 51. Let l be t(-22). What is the highest common divisor of 45 and l?
15
Let c(a) = a**3 + 7*a**2 - a - 2. Let x be c(-7). What is the greatest common factor of x and 3?
1
Suppose -q = -3*n - 25 - 3, 5*n + 64 = 3*q. Calculate the highest common factor of q and 13.
13
Let o(l) = 4*l - 6. Let p be o(8). What is the greatest common divisor of 26 and p?
26
Let g = 7 - 4. Suppose -3*s = -2*s + g*n, 8 = -3*s - n. Let d be (-1)/s + (-191)/(-3). Calculate the greatest common factor of d and 8.
8
Let k = -32 + 76. Suppose 4 + 5 = 3*q, q = 3*g. Let t be g/(2/k)*1. What is the greatest common factor of 33 and t?
11
Let c be (3 - 0)*12/12. Let m be -1 + -2 + 2 + 1. Let n(a) = -a**3 + a**2 + a + 33. Let y be n(m). What is the greatest common divisor of c and y?
3
Suppose z - 366 = -201. What is the highest common divisor of 66 and z?
33
Let f(z) = z**3 + 10*z**2 + 4. Let a be f(-10). Calculate the greatest common divisor of a and 1.
1
Suppose 2*z + 2*z = 176. Let n(h) = 2*h - 6. Let t be n(5). What is the highest common divisor of t and z?
4
Suppose -2*h + 0*h + 24 = 0. Let s = h - 1. What is the greatest common factor of s and 110?
11
Suppose 3*n - 28 = -2*l, -3*n + 4*l = -2*n - 28. Calculate the highest common factor of 60 and n.
12
Suppose -5*w + 180 = -3*w. Let a be (40/6)/(8/12). Calculate the highest common divisor of a and w.
10
Suppose 0*c - 2*c - 8 = 0. Let a(l) = -2*l**3 - 4*l**2 - 5*l + 4. Let v be a(c). What is the highest common divisor of v and 8?
8
Let i(u) = u + 2. Let w(c) = 1. Let v(y) = i(y) + 2*w(y). Let s be v(4). Calculate the greatest common factor of s and 1.
1
Suppose 0 = -0*a + 2*a + 3*d - 69, -4*a + 168 = -4*d. Let k = -69 + a. Let t be ((-18)/(-5))/((-9)/k). Calculate the highest common divisor of t and 48.
12
Suppose 0 = -7*y + 40 + 128. Suppose -3*o + 2*o + 4*l = -8, -2*o = l - 34. What is the greatest common factor of o and y?
8
Let j be (-1036)/(-20) + (-3)/(-15). Suppose 0 = -5*z + z + 52. What is the greatest common factor of j and z?
13
Suppose 0 = -2*t + 11 + 69. What is the highest common factor of 4 and t?
4
Let y = -23 - -24. What is the greatest common divisor of y and 5?
1
Suppose -5*d + 39 = -2*t, -t = -2*d - 2*t + 12. What is the highest common divisor of d and 56?
7
Suppose j - 6*r + r - 28 = 0, -r - 5 = 0. Suppose -j*p + 5*q + 59 = 0, 2*p + 4*q - 14 = q. Let i = -74 - -178. Calculate the greatest common factor of p and i.
13
Suppose f + 44 = 3*f. What is the highest common divisor of 55 and f?
11
Suppose u + u = 24. Calculate the greatest common divisor of 60 and